-3*18. What is the units digit of (-1)/u - 2340/p?
7
Let j = 408 - 188. Let h be (-24)/(-36) + j/3. Suppose 51 = 3*t - 3*w, 4*t + w = 3*w + h. What is the tens digit of t?
2
Let q(m) = 1829*m**2 - 173*m - 173. What is the tens digit of q(-1)?
2
Let m(l) = -2*l**2 - l + 1. Let a(i) = 7*i**2 - 21*i - 59. Let r(h) = a(h) + 3*m(h). What is the units digit of r(-16)?
4
Let d(g) = 1058*g**2 - 4*g - 4. Let m be d(-1). Suppose -5*z + m = 438. What is the units digit of 10/(-25) + z/10?
2
Let q be (-3)/(-1) + 1 + 2/(-2). Let t(h) = -7*h + 17. Let f be t(q). What is the units digit of f/(-22) - ((-8199)/33)/3?
3
Let n = 47 - -736. What is the hundreds digit of n?
7
Let c(d) = 114*d**2 - 30*d - 125. What is the thousands digit of c(-6)?
4
Let i = 16541 - 6851. What is the hundreds digit of i?
6
Let t(s) = -3*s + 14. Let f be t(7). Let k(c) = c**3 + 6*c**2 - 2*c - 8. Let h be k(f). Let d = 1 - h. What is the units digit of d?
4
Suppose 3*h - 5*h = -28. Suppose 0 = 4*o - h*o + 80. What is the hundreds digit of -3 + 4/(o/2) + 149?
1
Suppose u - 26 = -3*z, 0 = 3*z - u + 4*u - 36. Suppose -9*s = -z*s - 4. Suppose s*m = -a - 3*a + 858, -a - 4*m + 218 = 0. What is the tens digit of a?
1
Suppose 5*f = 2*d - 0*f - 1831, -d + 5*f + 913 = 0. What is the hundreds digit of d?
9
Suppose -3*f + 877 = -4*u, -2*f + 374 + 184 = 4*u. Suppose -f + 9772 = 5*m. What is the tens digit of m?
9
Suppose -13168 = -6*p + 73178. Suppose 29*a - 42*a = -p. What is the units digit of a?
7
What is the units digit of 101/((-12915)/(-1290) + -10)?
6
Let x(c) = 157*c + 1756. What is the units digit of x(11)?
3
Let a(v) = -1. Let i(k) = -k + 12. Let c(s) = -6*a(s) + i(s). Let n be c(15). What is the hundreds digit of n/1*-1 - 60*-3?
1
Let t be (2 + (-8)/(-6))/(6/9). Suppose 2023 = t*p - 677. Suppose -12*m + p = -7*m. What is the tens digit of m?
0
Let r be ((-305)/122)/((-10)/12). Suppose 5*a = -r*z + 6*a + 1792, -z - a + 604 = 0. What is the hundreds digit of z?
5
Let k = 3696 + -3470. What is the tens digit of k?
2
Suppose 217*y = -83*y + 9598131 + 1606269. What is the units digit of y?
8
Let o(i) = -i**3 - 28*i**2 - 7*i + 93. What is the tens digit of o(-31)?
9
Let q = 58 + -45. Let t = 18 - q. Let m = t - -49. What is the tens digit of m?
5
Let f(u) = 3*u**2 + 26*u - 11. Let w(x) = 8*x**3 - x**2 + 6*x - 5. Let j be w(1). What is the hundreds digit of f(j)?
3
What is the tens digit of 15573472/416 - (-15)/(-65)?
3
Let t(q) be the third derivative of -q**4/3 - 2*q**3/3 - 4*q**2. Let y be t(-1). What is the tens digit of 111/(-9)*(-7 + y)?
3
Let d be (1 - 10/(-6))*(-195)/(-130). What is the tens digit of (14469/(-78))/((-2)/d)?
7
Let q be 84/42 + (-2)/(-2) + -30. Let m be (-4719)/27 - (-6)/q. Let u = m + 384. What is the tens digit of u?
0
Let c(g) = g**3 + 7*g - 4*g**2 - 13*g**2 + 0*g**3 + 46 + 15*g - 13. What is the tens digit of c(19)?
7
Let y(o) = 99*o**3 - 4*o**2 + 3*o + 12. What is the hundreds digit of y(3)?
6
Let a(s) = 304*s**2 + 51*s - 749. What is the tens digit of a(11)?
9
Let s be 1 - (0 + 3 - (-3 + 7)). Suppose -3*d + 0*d + s*v = -352, 4*d + 5*v = 477. What is the tens digit of d?
1
Suppose 2265 = 47*s - 132. Suppose 0 = b + x - 1252, 56*b = s*b - 4*x + 6255. What is the tens digit of b?
4
Let t be 1*2*(2 + -3)*3. Let l be (t/8)/((-4)/(-144)). What is the units digit of 165*1*(-9)/l?
5
Let k be (-8)/(-6)*(-99)/(-2). Let c = 115 - 316. Let b = k - c. What is the hundreds digit of b?
2
What is the tens digit of (-1)/(-3) - (-896)/84 - -45093?
0
Suppose 31*v - 280085 - 178343 - 532549 = 0. What is the ten thousands digit of v?
3
What is the tens digit of 1440/(-540) + 414940/6?
5
Let s(m) = 7*m + 8. Let o be s(-9). Let r be (45/o - -1) + (-554)/22. Let c = r + 223. What is the hundreds digit of c?
1
Let i = 2562 - -5398. What is the thousands digit of i?
7
Let j be (40/100)/((-1)/(-10)). Let r(z) = z**2. Let n be r(2). Suppose a + 3*a = -j*m + 156, n*m - 156 = 2*a. What is the units digit of m?
9
Let h = 172 + -129. Suppose -h = -10*u - 13. What is the units digit of u?
3
Let d = 458 + -240. Let p be -5*(-2)/(-4)*-20. Suppose 3*n + p = d. What is the tens digit of n?
5
Let f be 6 + -1 + 0 - 1. Suppose -4*g - 2*n = -n - 1419, -n = g - 357. What is the units digit of (22/33)/(f/g)?
9
Let u(i) be the third derivative of i**4/3 - 11*i**3 + 2*i**2 - 3*i. What is the units digit of u(32)?
0
Let u(a) = 31*a**2 + 37*a + 199. What is the hundreds digit of u(-11)?
5
Let l(k) be the second derivative of k**5/20 - 5*k**4/12 + k**3/3 - 17*k**2/2 + 35*k. What is the units digit of l(10)?
3
Suppose 0 = -5*o + 13 + 7. Suppose -o = 2*j, -4*f + 636 = -f + 3*j. What is the tens digit of f?
1
Let p be (-23 - -20)/(2/674). Let t = 1650 + p. What is the units digit of t?
9
Let d(m) = 4*m**2 + 12*m - 7. Let y be (-68)/(-7) - 2 - 2/(-7). What is the hundreds digit of d(y)?
3
Let o = 60 - 64. Let t be o/(-18) + 11950/90. Let k = 243 - t. What is the hundreds digit of k?
1
Suppose -31 = -6*i - 1. Suppose 51 + 39 = -i*j. What is the hundreds digit of 72/j - 302/(-2)?
1
Suppose -26*w = -4*p + 7*p - 38904, -2*p = -4*w - 25808. What is the ten thousands digit of p?
1
Let v = 41 - -53. Let x = v - -205. What is the tens digit of x?
9
Let t be (-2061)/(-6)*(-4)/(-3). Let m = t + -258. Let w = m - 91. What is the tens digit of w?
0
Let w = 322 - -32. Let j = w - 166. What is the units digit of j?
8
Suppose -3*i + 12 = 0, -r - 4*i + 7377 = -1795. What is the tens digit of r?
5
Let a(t) = 10*t - 3. Let j be a(7). Suppose -11*m - 16 - 226 = 0. Let l = m + j. What is the tens digit of l?
4
Let v = 10 + -10. Suppose v = -l + 2*g + 45 - 174, 0 = 5*l - 2*g + 613. Let n = 205 + l. What is the tens digit of n?
8
Let g(i) be the first derivative of i**4/4 - 4*i**3/3 - i**2 + 312*i + 91. What is the hundreds digit of g(0)?
3
Let d(j) = -j**2 - 243*j - 1597. What is the thousands digit of d(-66)?
0
Let p(u) = u**3 + 13*u**2 + 8*u + 1. Let c(w) = 3. Let m(s) = 16. Let b(k) = 11*c(k) - 2*m(k). Let a(x) = 2*b(x) + p(x). What is the hundreds digit of a(-7)?
2
Let l(y) = -y**2 - 4*y - 5. Let d be l(-1). What is the tens digit of (1 - 1)/d + (-2295)/(-5)?
5
What is the hundreds digit of (-6)/7 + (-2130720)/(-168) - (1 - 7)?
6
Suppose -2*w + 17 = -2*v - 61, -2*v = 6. Let l = w + -26. Suppose l*z - 5*z = 430. What is the tens digit of z?
8
Suppose -8*h = -3*h - c - 35602, 4*h = 3*c + 28475. What is the tens digit of h?
2
Let r = -42 + 44. Let y(q) = 6*q + 9*q + 3*q**2 - 4*q**r + 11. What is the tens digit of y(11)?
5
Let x(i) = 6*i**2 + 6*i - 345. What is the units digit of x(-35)?
5
What is the units digit of (-48)/(-3 + -45)*(43456 + -1)?
5
Let r be (-208)/(-40) - 1/5. Suppose -4*t = r*a - 1064, 6*a = 8*a. What is the tens digit of t?
6
Let h(j) = -957*j - 594. What is the tens digit of h(-19)?
8
Let f(o) = 523*o**2 + 73*o - 197. What is the units digit of f(3)?
9
Let i(x) = -1330*x - 37. Let v be i(-1). Let b = v - 197. What is the thousands digit of b?
1
Let s = 11283 - 8040. What is the units digit of s?
3
Let k = -153 + 157. Suppose -g = 3, k*z - 34 = -0*z - 2*g. What is the units digit of z?
0
Let f(t) = -1739*t + 866. What is the ten thousands digit of f(-21)?
3
Suppose 3*i + 33519 = 3*c, 2*i + 3*i - 5 = 0. What is the units digit of c?
4
Let d = 10821 + -7148. Suppose -d = -9*o - 541. What is the hundreds digit of o?
3
Let h(n) = 424*n - 2790. What is the hundreds digit of h(18)?
8
Let j(o) = -o**2 + 32*o - 191. Let u be j(10). Suppose -13*h - u*h + 25956 = 0. What is the hundreds digit of h?
6
Let g(d) = -17*d**2 + 1536*d + 57. What is the hundreds digit of g(42)?
5
Let i = 18200 + -3757. What is the ten thousands digit of i?
1
Suppose -22*r - 4 = -4. Suppose 7*a - 18*a + 2926 = r. What is the hundreds digit of a?
2
What is the units digit of 1/(10/1325)*-1*20706/(-145)?
1
Suppose -19 = t + 7. Let s be t/39*(-18)/4. Suppose -3*o = -i - 145, 5*o - i + s*i - 227 = 0. What is the units digit of o?
7
Let i = 7840 + 7381. What is the thousands digit of i?
5
Suppose 199*x - 252*x = -603140. What is the hundreds digit of x?
3
Let l(g) = -g**2 - 46*g - 38. Let w be (-2748)/132 + 6/(-33). What is the tens digit of l(w)?
8
What is the units digit of (((-27)/(-6))/3)/((-2326887)/96954 + 24)?
9
Let u = 695 + -683. What is the h